-224001?
-224010
In base 3, what is 10 + 2221200012?
2221200022
In base 6, what is 2 - -2345553?
2345555
In base 11, what is -1a562 + -7?
-1a569
In base 3, what is -1020011 - -2121022?
1101011
In base 11, what is -19080a + 6?
-190804
In base 12, what is -1743 - -11?
-1732
In base 16, what is -4 - -18c1?
18bd
In base 8, what is 30434 - -222?
30656
In base 10, what is -5 + 73708?
73703
In base 11, what is 5024 + 28?
5051
In base 14, what is -c + -15c5c?
-15c6a
In base 8, what is 106171 + 22?
106213
In base 8, what is -27634 + -55?
-27711
In base 10, what is -418 + 0?
-418
In base 16, what is -a + 13475?
1346b
In base 12, what is 29 - 17b2?
-1785
In base 2, what is 10001111100 + 10010011111?
100100011011
In base 10, what is 920963 + 6?
920969
In base 16, what is 50 + 337c?
33cc
In base 7, what is -1350664 + 2?
-1350662
In base 5, what is 2 - 40034?
-40032
In base 3, what is -1011201220211 - -12?
-1011201220122
In base 5, what is -2412444 + 0?
-2412444
In base 15, what is 3 + -15169?
-15166
In base 6, what is -3 - 104100?
-104103
In base 12, what is 3015 - -3?
3018
In base 7, what is -6010 + 30?
-5650
In base 4, what is -3313 - 110212?
-120131
In base 11, what is -36 + 790a?
7884
In base 14, what is 2432 - 71?
23a1
In base 16, what is 5 - -52f?
534
In base 4, what is 2100 - -111021?
113121
In base 15, what is -6 + 4c3?
4bc
In base 13, what is 4b + 5?
53
In base 8, what is 4 - 107743?
-107737
In base 2, what is 10000 - 1010011010000010?
-1010011001110010
In base 15, what is -a7a - -70?
-a0a
In base 16, what is 13 - -4477?
448a
In base 7, what is -6 - 4404622?
-4404631
In base 4, what is 202222 - -11310?
220132
In base 4, what is -30 + -3303?
-3333
In base 5, what is 41120434 + -10?
41120424
In base 15, what is -306 + -1ed?
-504
In base 6, what is 505 - -151?
1100
In base 12, what is -36923 - 1?
-36924
In base 10, what is 71661 + 4?
71665
In base 3, what is -1112100211 + 120?
-1112100021
In base 10, what is -1057359 - 0?
-1057359
In base 12, what is 5 + -26931?
-26928
In base 12, what is a1 + -45?
58
In base 3, what is -11100 + -100022020?
-100110120
In base 12, what is -1b + 3a32?
3a13
In base 14, what is -69 - -9a4?
939
In base 4, what is 31321210 - -3?
31321213
In base 4, what is 10310 - 230?
10020
In base 9, what is -5671803 + 3?
-5671800
In base 13, what is -cc282 - -a?
-cc275
In base 10, what is -1021931 - 2?
-1021933
In base 13, what is -64173 + -3?
-64176
In base 5, what is 4 - 1213001?
-1212442
In base 15, what is -6 - -26cc?
26c6
In base 8, what is 713 + 1043?
1756
In base 9, what is -57626 + 1?
-57625
In base 7, what is -121124 - 0?
-121124
In base 10, what is 2031 - -232?
2263
In base 4, what is 321303113 + 0?
321303113
In base 9, what is 377 - 281?
86
In base 11, what is -a56 + 2?
-a54
In base 10, what is -833 - 24?
-857
In base 6, what is 55 - -5332?
5431
In base 6, what is -3 - -4523423?
4523420
In base 13, what is -4 + 56b1a5?
56b1a1
In base 10, what is -6657 + -2?
-6659
In base 16, what is -1b7 + 156?
-61
In base 11, what is -99395 + 2?
-99393
In base 5, what is 31200 - -130?
31330
In base 14, what is -171c + 3?
-1719
In base 3, what is -101101021221 + -1?
-101101021222
In base 3, what is 20 + -12020220?
-12020200
In base 11, what is -16 + 1681?
1666
In base 14, what is -1 + 2c79c?
2c79b
In base 13, what is 1485c + -22?
1483a
In base 5, what is -11104313 + 0?
-11104313
In base 10, what is -11 - -430?
419
In base 14, what is 77 + 535?
5ac
In base 12, what is -216 + 46?
-190
In base 16, what is 2 - -6ca3?
6ca5
In base 4, what is 102320202112 - 10?
102320202102
In base 16, what is -6b934 - 1?
-6b935
In base 2, what is -1100100000 - 10010?
-1100110010
In base 3, what is -20 - -1012121?
1012101
In base 6, what is 5 + -1125332?
-1125323
In base 2, what is -11 - 10001000100001?
-10001000100100
In base 15, what is a0ea3 + 2?
a0ea5
In base 5, what is 111 + -2311420?
-2311304
In base 15, what is -1ae - 51?
-210
In base 12, what is -1b4047 - -4?
-1b4043
In base 5, what is 220402403 - -10?
220402413
In base 15, what is 2937eb - -1?
2937ec
In base 15, what is -13 - -25d?
24a
In base 16, what is -48cf + a?
-48c5
In base 2, what is -111100 - -11010011010?
11001011110
In base 12, what is 4 + a6040?
a6044
In base 9, what is -5 + 13542?
13536
In base 6, what is -12322 - -1134?
-11144
In base 7, what is -1016430 - 1?
-1016431
In base 6, what is 2153022 - 4?
2153014
In base 6, what is -5 - 554032?
-554041
In base 16, what is -626 - 61?
-687
In base 3, what is 10100121010 + 0?
10100121010
In base 8, what is 21 + 23677?
23720
In base 9, what is -8141 - -22?
-8118
In base 11, what is aa72 + -179?
a8a4
In base 7, what is 2355 - -13?
2401
In base 2, what is -1011 + 10111111010001001?
10111111001111110
In base 3, what is 200021 - -1002?
201100
In base 16, what is 1 + 46f20?
46f21
In base 8, what is -11164 - -45?
-11117
In base 15, what is -5482 - 8?
-548a
In base 12, what is -a692 + -3?
-a695
In base 7, what is 2 + 1646314?
1646316
In base 7, what is -3120 + -2?
-3122
In base 6, what is -3312315 + 24?
-3312251
In base 8, what is -54 - 6644?
-6720
In base 5, what is 334200 - -3?
334203
In base 11, what is 2 - -8087?
8089
In base 5, what is 12134 - -1223?
13412
In base 14, what is -28a80 + 0?
-28a80
In base 12, what is 425 + -674?
-24b
In base 10, what is 908 + -287?
621
In base 14, what is 1524 - -92?
15b6
In base 15, what is -2 - -3ed4?
3ed2
In base 12, what is -3 - 57412?
-57415
In base 15, what is 2 - -7a20?
7a22
In base 8, what is 455 + 26?
503
In base 3, what is -22 + 21001012222?
21001012200
In base 5, what is -4 - -31223?
31214
In base 6, what is 0 - -1544140?
1544140
In base 9, what is 4 - -824782?
824786
In base 2, what is -100111111000 - -1011?
-100111101101
In base 16, what is -2 - 31838?
-3183a
In base 7, what is -4 + 101664?
101660
In base 15, what is 2072d - 5d?
206c0
In base 7, what is -256 - 10032?
-10321
In base 14, what is 13b + 23?
160
In base 16, what is d7a2 - -4b?
d7ed
In base 15, what is 6e8d0 - 2?
6e8cd
In base 13, what is 175b - -5?
1763
In base 12, what is 0 + 4024?
4024
In base 11, what is -2 + 17045?
17043
In base 12, what is -2718 - -36?
-26a2
In base 3, what is 1202 - -2221020?
2222222
In base 13, what is -11 - 167b?
-168c
In base 10, what is 2 - 237089?
-237087
In base 15, what is 3a - 1ba1?
-1b66
In base 6, what is 1314 - 142?
1132
In base 4, what is 122133212 + 1?
122133213
In base 6, what is 32 - -1444523?
1444555
In base 2, what is -10010101110100111 + -1001?
-10010101110110000
In base 2, what is 1001100 + -100110000?
-11100100
In base 11, what is -4 - -1973?
196a
In base 9, what is -2 - 513733?
-513735
In base 12, what is -908 + 16?
-8b2
In base 3, what is 111 + 21122102?
21122220
In base 3, what is 210 + 2211200?
2212110
In base 15, what is 2 + -c026?
-c024
In base 13, what is 1 - 1503c4?
-1503c3
In base 8, what is 2671 - 202?
2467
In base 2, what is -1010101100011110000 + -100?
-1010101100011110100
In base 11, what is 2293257 + 2?
2293259
In base 3, what is -2002222011 + -22?
-2002222110
In base 9, what is -26252 + 10?
-26242
In base 10, what is 710146 + -4?
710142
In base 4, what is -112010 - -21100?
-30310
In base 5, what is -40302144 - 2?
-40302201
In base 8, what is -172 - 1634?
-2026
In base 6, what is 1125 - -1524?
3053
In base 4, what is -3 - -211100212?
211100203
In base 2, what is -1001010100 - -100100100?
-100110000
In base 6, what is -2 + 31131?
31125
In base 5, what is 3121422 - -11?
3121433
In base 13, what is 59 + -cc?
-73
In base 5, what is -14030 - 223?
-14303
In base 14, what is 1cc2 + -9?
1cb7
In base 4, what is -1113 - 22132?
-23311
In base 12, what is -4 + 26a5?
26a1
In base 15, what is 1 - 22851?
-22850
In base 10, what is 42800 - 3?
42797
In base 15, what is -91591 - 5?
-91596
In base 13, what is -1042 - -9?
-1036
In base 9, what is -23 + -643?
-666
In base 8, what is 247 + -11?
236
In base 4, what is 11 + 203132223?
203132300
In base 2, what is -1001011111 + -101010?
-1010001001
In base 5, what is 11224 - 33033?
-21304
In base 11, what is -56 + -154?
-1aa
In base 9, what is 476 + 24032?
24518
In base 11, what is 124988 + -1a?
124969
In base 7, what is -421 + -32?
-453
In base 2, what is -1100111100010 - 0?
-1100111100010
In base 5, what is 11120313 - -43?
11120411
In base 5, what is -1201320 + 